(-7). Calculate the greatest common factor of p and b.
11
Let k = 7 - 0. Suppose s = -5*b - 23, -s + 5*s = b - 8. Let j be k + (s - 4/(-2)). Calculate the highest common factor of 4 and j.
2
Let n(o) = o**3 + 6*o**2 - 2*o - 8. Let u be n(-6). Suppose -u*j + 6 = -j. Let l be 5 + 2/2*j. What is the highest common factor of 28 and l?
7
Suppose -24 = -4*u + 2*u. Suppose 0 = -v - 2*v + u. Suppose f + 108 = v*f. Calculate the greatest common divisor of f and 12.
12
Let o = -132 + 190. What is the highest common factor of 406 and o?
58
Suppose -4*d - 8 = -4*j, 7 = 2*j + j - 2*d. Calculate the greatest common factor of j and 39.
3
Suppose -2*d + 5*g + 1510 = 3*d, -317 = -d + 4*g. Calculate the highest common divisor of 33 and d.
33
Let f = 27 + -12. Suppose -3*k = f, 2*v + 3*k = v - 1. Suppose -2*r = -22 - v. What is the greatest common divisor of r and 12?
6
Let l = 59 - 23. Calculate the greatest common factor of l and 24.
12
Let u = 177 + -89. Let x(g) = g + 19. Suppose 14*w = 11*w - 33. Let d be x(w). Calculate the greatest common factor of u and d.
8
Let v be 8 + -5 - (1 - 0). Calculate the greatest common factor of v and 16.
2
Let s = -24 + 52. What is the greatest common divisor of s and 84?
28
Let n be (-21)/((-4)/(-16)*6). Let u = n - -15. What is the highest common divisor of u and 9?
1
Let d be (-3)/12 - 2026/(-8). Let w = -13 + 36. Calculate the greatest common factor of d and w.
23
Suppose -3*y - 5 = 4. Let i be 29 - ((-3)/3 - y). Let w = i - 7. Calculate the greatest common factor of 160 and w.
20
Suppose 2*j + x = 85, 2*j + 164 = 6*j + 4*x. Suppose 284 = 5*k - 81. Suppose c = k + j. What is the highest common factor of c and 13?
13
Suppose -3*p + 4*y = -188, -4*p + 288 = -y + 5*y. What is the greatest common divisor of 612 and p?
68
Suppose -5*d + 10*d + 10 = -k, -4*k - 128 = -2*d. Let o = -17 - k. Calculate the highest common factor of o and 143.
13
Let y(c) = -c**3 - 19*c**2 - c + 21. Let q be y(-19). What is the highest common divisor of q and 40?
40
Suppose 9 = 2*y + y. Suppose 8*v - 100 = y*v. Let a(b) = -b**3 + 11*b**2 + 21*b + 12. Let k be a(12). What is the highest common divisor of k and v?
20
Let g(r) = 21*r - 4. Let c be g(9). What is the greatest common divisor of c and 37?
37
Let c be 32/(-3) + 14/21. Let n = -10 - c. Suppose n*p = -p + 200. What is the highest common divisor of 25 and p?
25
Suppose 5*l - 175 = -10. What is the highest common factor of l and 11?
11
Suppose -3*y = -5*p + 87, p - 3*y = 2*p - 21. Calculate the highest common divisor of p and 45.
9
Let o(g) = -3*g + 51. Let x be o(0). Calculate the highest common factor of x and 34.
17
Let u(j) = 10*j - 13. Let t(x) = -3*x + 4. Let f(k) = 7*t(k) + 2*u(k). Let s be f(-8). Calculate the greatest common divisor of 4 and s.
2
Suppose -5*p + 8 + 132 = 0. Calculate the highest common factor of p and 42.
14
Let v(c) = 13*c**2 - c. Let n be v(-1). Suppose -1 = -f - 3. Let i be f/6 - (-127)/3. Calculate the highest common factor of i and n.
14
Let t(o) = 137*o - 2. Let l be t(1). Suppose 0*v = -v + l. Calculate the greatest common divisor of v and 15.
15
Let w be 8/6 + (-4)/(-6). Suppose 6 + 0 = 3*b. Let j be 2/((w + 0)/b). Calculate the greatest common factor of j and 3.
1
Suppose 0 = m + 4*m. Suppose -2*f + 57 + 55 = m. Calculate the highest common divisor of f and 7.
7
Suppose 13 = -3*l - 5. Let y be 2/6*(0 - l). Let z be 11 + 0/y + 2. What is the greatest common divisor of z and 13?
13
Suppose 13 = -d + 41. Suppose 5*b - 2*z + 70 = 0, 2*b = z + z - d. Let m = 30 - b. What is the highest common factor of 4 and m?
4
Suppose -78 = -4*x + x. Calculate the highest common factor of x and 39.
13
Let x = -9 - -31. Let z = x + -7. Let v be (6*5/(-8) - 0)*-4. Calculate the highest common divisor of v and z.
15
Let p be (0 - -10)*(-1)/(-2). Suppose -p*f = 4*b - 473, -3 = -3*f + 12. What is the highest common factor of 16 and b?
16
Suppose 35 = -a + 6*a. Let k = a - -3. What is the highest common factor of k and 90?
10
Let b(a) = a**2 - 5. Suppose 6 = -4*q + 6*q - 4*c, 3*c - 3 = 0. Let z be b(q). Calculate the highest common factor of 8 and z.
4
Let f = -3 + 9. Suppose -z - f*r + 21 = -2*r, 3*r = -z + 18. Let b(n) = 3*n - 3. Let m be b(4). What is the greatest common divisor of m and z?
9
Let l(f) = f**2 + 8*f + 7. Let a be l(-15). Calculate the greatest common factor of 7 and a.
7
Suppose 0*o - o = -4. Let s be -1 + -1 + -3 + 1. Let a be (s/(-5))/((-3)/(-15)). What is the greatest common factor of o and a?
4
Suppose t + 2 - 4 = 0. Let n(v) = -2 - 5 - t*v - v. Let l be n(-5). What is the greatest common divisor of 2 and l?
2
Let d be ((-26)/(-8))/((-2)/(-8)). Calculate the greatest common factor of 13 and d.
13
Suppose -a + 2 = 2*h - 5*a, 0 = -a + 2. Let l(y) = -y**2 + 5*y + 4. Let i be l(3). What is the greatest common factor of h and i?
5
Suppose -g - 2*p + 6 = 0, -12 = g - 5*g + 4*p. What is the greatest common factor of g and 16?
4
Suppose 0 = -3*o - 5*c + 76, 5*c + 4 - 12 = o. Calculate the greatest common divisor of 34 and o.
17
Suppose -3*s + 319 = i + 3*i, i = s - 104. Suppose -7*r = -4*r - s. Calculate the highest common divisor of r and 7.
7
Let s = -440 + 671. Let b(k) = -k**3 + 9*k**2 - 3*k + 13. Let m be b(9). Let g be (-5 + 2)/(2/m). What is the greatest common factor of g and s?
21
Let r = 84 - -46. Calculate the greatest common factor of r and 10.
10
Let b be -4*1/(2/(-7)). Let n be (-1)/(-2)*(-10)/(-1). Suppose -w = -4*w + 3*m + 72, n*m + 99 = 4*w. Calculate the greatest common factor of b and w.
7
Let k(x) = 15*x**3 + x**2. Let i be k(1). Let a = i + -10. Calculate the greatest common divisor of 66 and a.
6
Suppose -4*b + 5*k + 19 = 0, 3*b - b - 4*k = 8. Let c = -71 - -113. Calculate the greatest common factor of c and b.
6
Suppose -2*n + 4*n + 4*k - 20 = 0, 0 = -3*n + 3*k + 12. What is the highest common divisor of n and 48?
6
Suppose -3*f + 4*f = 3. Suppose f*r - 3*y = -r - 12, -2*r + 16 = 4*y. Suppose 3*n - 133 + 7 = r. Calculate the greatest common factor of 6 and n.
6
Let g(t) = 2*t**2 + 4*t + 2. Let s be g(-5). Let h(z) = z - 2. Let d be h(6). Suppose d = 5*p - 16. Calculate the greatest common divisor of p and s.
4
Let l = 125 - 111. Calculate the greatest common factor of 112 and l.
14
Let g(v) = -v**3 - 2*v**2 + 2*v - 1. Let n be g(-3). Suppose -n - 100 = 3*d. Let o = d + 50. Calculate the highest common divisor of 80 and o.
16
Let n = -12 - -28. Calculate the highest common divisor of 32 and n.
16
Let m be 8920/45 - (-4)/(-18). Calculate the greatest common factor of m and 18.
18
Let y be (1/1)/((-4)/(-12)). Let f be y*((-1)/3 + 1). Let h be f + -1 + (-4 - -133). Calculate the highest common divisor of 13 and h.
13
Let q(y) = 2*y**2 + 5*y + 2. Let f be q(-6). What is the highest common factor of f and 110?
22
Let c be 4 - (-36 - (-2)/(-1)). Calculate the greatest common factor of c and 126.
42
Let u = 8 - -11. What is the greatest common factor of u and 76?
19
Let f(t) = t**2 - 7*t - 8. Let a be f(7). Let v = 15 + a. Calculate the greatest common divisor of 14 and v.
7
Suppose 4*c + 5*b = 3*c + 161, 0 = 5*c + b - 877. What is the greatest common divisor of 16 and c?
16
Let s(p) = 2*p**3 - p**2 - 2*p + 3. Let n be s(2). What is the greatest common divisor of 55 and n?
11
Let h be 21 + 0/3 - 3. Calculate the highest common divisor of h and 72.
18
Let z = -35 + 50. What is the highest common divisor of z and 165?
15
Let v be 5/(134/66 - 2). What is the greatest common divisor of v and 66?
33
Let g(q) be the third derivative of q**5/60 - q**4/12 + 7*q**3/6 - 6*q**2. Let n be g(5). Calculate the highest common factor of n and 198.
22
Suppose 0 = 2*p - 13 + 3. Suppose -5*d + 36 = u, 0 = p*u + 3*d - 49 - 197. Let l be 2 + (-4)/2 + 17. Calculate the highest common divisor of u and l.
17
Suppose 3*s + 4*q = 194, -35 = s - 5*q - 125. What is the greatest common factor of 10 and s?
10
Let r = -45 + 131. What is the greatest common divisor of r and 215?
43
Let f be (6/(-5))/(6/(-20)). Let v = -10 - -12. What is the highest common divisor of v and f?
2
Let a be -21*(-1)/3*3. Calculate the highest common divisor of a and 84.
21
Let f be (-1664)/(-112) + 1/7. What is the highest common divisor of 15 and f?
15
Suppose 11 = 3*m - 7. Calculate the highest common 